et v be (-1632)/(-68)*10/(-8). Let y(u) = -3*u**2 - 99*u + 30. What are the prime factors of y(v)?
2, 3, 5
Let o(w) = 87*w + 3013. Let y be o(-35). Let m(f) = f. Let l be m(2). What are the prime factors of (-6812)/y - l/(-16)?
3, 71
Suppose 45*c + 10 = 40*c. Let n be (2*2)/((-4)/c). Suppose 3*r = -4*i + 363, n*r - 358 = -4*i + 4. List the prime factors of i.
2, 3, 5
Let x be 1372/(-3) - (-2)/(-3). Let f be (-4)/(((-4)/42)/(2664/(-168))). Let u = x - f. List the prime factors of u.
2, 13
Suppose 12*y + 7 - 55 = 0. What are the prime factors of (2/(-28)*y)/((-2)/14)?
2
Let l be 8 + 3 + -7 - -1. Let x(b) = 76*b + 97. List the prime factors of x(l).
3, 53
Suppose -2*g = -10*g - 160. Let o be 12/5*g/(-6). What are the prime factors of (o/(-2 - 0))/(-1) + 27?
31
Suppose 2*i = -x + 14194, -4*i - 4 + 12 = 0. What are the prime factors of x?
2, 3, 5, 11, 43
Let n be (14*(-2)/(-16))/((-40)/480). List the prime factors of (-4)/(-6)*n/(-1).
2, 7
Let b(h) = -h**3 - 12*h**2 - 25*h + 23. Let m be b(-9). Suppose -o - 991 = -m*t + t, 3*t + o = 745. What are the prime factors of t?
2, 31
Let h be 4/2 - -8*(-3)/12. Let d(k) = -48 + k**2 + 5*k + h*k**2 + 54. List the prime factors of d(-10).
2, 7
Let t be ((-8)/28)/(-1*(-1)/(-406)). Suppose -5*y - 238 = 117. Let q = t - y. What are the prime factors of q?
11, 17
Let t(w) = 30*w**3 + 13*w**2 - 87*w + 670. List the prime factors of t(12).
2, 26669
Let c = -300 + 352. Suppose g = 244 + c. What are the prime factors of g?
2, 37
Let p = 83 + -81. Suppose 5*m + p*y - 6364 = 0, 0 = -9*m + 4*m - 3*y + 6366. What are the prime factors of m?
2, 3, 53
Suppose -55*p + 4*r - 80222 = -57*p, p - 2*r = 40143. What are the prime factors of p?
40127
Suppose 0 = -4*b - 5*m + 223903, 153*m = -3*b + 148*m + 167931. List the prime factors of b.
2, 7, 1999
Suppose -47*d = 6*d - 19*d - 223550. What are the prime factors of d?
5, 263
Suppose -68206 - 229654 = -43*q + 519183. List the prime factors of q.
19001
Suppose 281*z + 326413 - 9095280 = 4924263. List the prime factors of z.
2, 5, 11, 443
Suppose 3*h = x - 205, 560 = 3*x - 0*h + 2*h. List the prime factors of ((-60)/(-24))/(1/x).
5, 19
Suppose -69*y - 105*y + 386724 = 48*y. What are the prime factors of y?
2, 13, 67
Let b be (-7 - 9704/24)/(4/6). Let s = b + 952. What are the prime factors of s?
5, 67
Let k(v) = v**3 - 2*v**2 + 3*v - 3. Let c be k(2). List the prime factors of 45/15*(-1)/c*-241.
241
Let j be (-240)/14 - -1 - (-3)/21. What are the prime factors of j*(712/(-16) + 8)?
2, 73
Let a = 708 + -420. Suppose 0 = -3*n + 3*j + 60 + 228, 3*n - j - a = 0. List the prime factors of n.
2, 3
Let p(h) = -886*h - 3330. List the prime factors of p(-27).
2, 3, 11, 13
Let m(g) = 183*g**3 - 8*g**2 + 13*g + 27. List the prime factors of m(4).
107, 109
Let p be 3/(-9) - (-2 - (-7040)/12). Let f = -384 - p. List the prime factors of f.
3, 67
Let a(z) = 1196*z**2 - 23*z + 56. What are the prime factors of a(7)?
7, 61, 137
Suppose 3*r = -z - 781, 4*r - 711 = 3*z + 1567. Let q = z - -1169. List the prime factors of q.
13, 31
Suppose 61*o - 2793 = 12*o. What are the prime factors of o?
3, 19
Suppose -28*a + 25*a + 12 = 0. Suppose 2*v = -5*k + 25, 9*v - 22 = a*v + k. Suppose 223 + 177 = v*f. List the prime factors of f.
2, 5
Suppose -2*s = 6, -12*o + 8*o - 3*s = -1567. Suppose -330*d = -332*d + o. What are the prime factors of d?
197
Suppose 18*i - 87286 = 67514. List the prime factors of i.
2, 5, 43
Suppose -42140 = 89*g - 99*g. What are the prime factors of g?
2, 7, 43
Let t = 69510 - 35068. List the prime factors of t.
2, 17, 1013
Suppose -3*v = 4*x + 4, 2*x - 9 - 11 = 4*v. Suppose h = -5, -x*d - 3*d = -h - 15. Suppose 3*a - 3 = d*f - 114, 5*f - 274 = 4*a. What are the prime factors of f?
2, 3
Let i(s) = -71*s + 4. Suppose 0 = -4*g + g + 3. Let r be i(g). Let d = 13 - r. What are the prime factors of d?
2, 5
Let i(p) = -p**3 + 11*p**2 + 131*p + 115. List the prime factors of i(-19).
2, 7, 151
Let t(b) = 27*b. Let u be t(0). Suppose u = -5*y + 1996 + 1299. List the prime factors of y.
659
Let l = -23 - -9. Let w be l/(2*(4 + -5)). Suppose 12 = 10*z - w*z. List the prime factors of z.
2
Suppose -m - 1000 = 5*a, 0 = 3*m - 0*a - 2*a + 3017. Let r = m + 1726. List the prime factors of r.
7, 103
Let v be ((-52)/130)/(22/(-10) - -2). Suppose -v*f + 28244 = 21*f. What are the prime factors of f?
2, 307
Let t(l) = -l**2 - 19*l - 36. Let o be t(-13). Let f = -32 + o. Suppose -f*x + 596 = -144. List the prime factors of x.
2, 37
Let r(z) = 7*z + 21. Let f be r(-3). Suppose -2*t + g - 4*g + 14 = f, 0 = 4*t + 3*g - 22. Suppose 2*p - 318 = -t*p. List the prime factors of p.
53
Suppose -14 = -5*c + t - 3*t, 5*t = -c - 11. Let b be (88/33)/(c/42). What are the prime factors of 3884/b + (2 - 12/7)?
139
Let n(v) = -v. Let i(x) = -76*x - 87. Let l(o) = -i(o) - 4*n(o). What are the prime factors of l(7)?
647
Let z = -36742 - -55664. What are the prime factors of z?
2, 9461
Let p = 35467 - 13485. What are the prime factors of p?
2, 29, 379
Let b(y) = -y**3 + 12*y**2 + 14*y - 25. Let o(q) = 2*q - 24. Let r be o(17). What are the prime factors of b(r)?
3, 5, 7
Let f(m) = -m**3 - 23*m**2 + 12*m - 28. Let l be f(-23). List the prime factors of -2*((-9)/8)/((-4)/l).
3, 19
Let a(k) = -32*k + 22. Let w = -58 + 29. List the prime factors of a(w).
2, 5, 19
Let k be (70/8)/((-9)/(-144)). Suppose -4*f - k = f. Let c = f - -74. List the prime factors of c.
2, 23
List the prime factors of 1/((-5)/36775*-5).
1471
Let c = -21770 - -44136. What are the prime factors of c?
2, 53, 211
Suppose -8 = -g - 3. Let r be 113 + ((-20)/(-8) - (-1)/2). Suppose 0 = g*k + f - 637, -4*f = -0*k + k - r. List the prime factors of k.
2
Let q(g) = -8*g**3 - 2*g**2 + 15*g + 20. List the prime factors of q(-10).
2, 5, 13, 59
List the prime factors of (9474 - -309)*(14/(-8))/(1/(-4)).
3, 7, 1087
Let g = 215 - 213. Suppose -5*n + 122 + 927 = g*o, 4*o = -n + 2071. List the prime factors of o.
11, 47
Let n be (2 + -459)/((-1)/(-4)*-2). Suppose 3*j + 2*w = 4*j - 471, 2*j + 3*w - n = 0. List the prime factors of j.
463
Let g(j) be the first derivative of -13*j**4/24 + 5*j**3/3 + 9*j**2 + 3. Let s(l) be the second derivative of g(l). List the prime factors of s(-3).
7
Let u = -156 - -245. Suppose -u = 7*i - 446. Suppose 2*v - i = -3*q, -v = 4*q + 29 - 102. List the prime factors of q.
19
Let m be (1476/(-287))/((-2)/(-14)). Let p = 22 + 17. Let w = m + p. What are the prime factors of w?
3
Let a = -39 + -6. Let d be (281/(-9) - 10/a) + -1. Let t = d - -208. List the prime factors of t.
2, 11
Suppose 0 = -5*t + k + 10, -3*k + 32 = 4*t + k. Suppose w = -t*w + 500. What are the prime factors of (-4 + 5)*1*w?
5
Let f = -3 + 8. Let v = 98 - 152. Let n = f - v. What are the prime factors of n?
59
Let d = 101 + -114. List the prime factors of d/(39/(-18)) + 207.
3, 71
Suppose 105*d - 53559 = 42*d + 54*d. What are the prime factors of d?
11, 541
Let u = -7 - -78. Let f = u - -417. Let z = f + -314. List the prime factors of z.
2, 3, 29
Let u be (20656/12)/(-1 + (-5)/(-3)). Let z = u + -925. What are the prime factors of z?
1657
List the prime factors of (-80)/((-72)/(-9))*474/(-4).
3, 5, 79
Suppose n - 5*r - 545 = -n, 0 = -4*n + 2*r + 1066. Let t(s) = 18*s - 194. Let w be t(11). Suppose -n = -5*m - 5*v, -3*v = -w - 5. List the prime factors of m.
2, 5
Suppose -4*h - 4054 + 21245 = -8105. What are the prime factors of h?
2, 3, 17, 31
Let s = -24729 + 35793. What are the prime factors of -5*((-4)/(-30))/((-16)/s)?
461
Suppose 0 = 6*x + 3896 - 98. Let u = -351 - x. Suppose -4*m = -u - 106. What are the prime factors of m?
97
Suppose 3*m - 3465 = -4*u + u, 3*u = 6. What are the prime factors of m?
1153
Let u(h) = 15*h + 6. Let o be u(2). Suppose p = 4*p + 3*c + o, 0 = -c. List the prime factors of 116/p*3*-6.
2, 3, 29
Suppose -3*k = -5*h + 5 - 16, 4*k + 20 = -2*h. Suppose -2*o + 2*d = -110, -8*o - 3*d = -7*o - 31. List the prime factors of (-9)/k - 2*o/(-2).
2, 13
Suppose 0 = 3*t + 4*a + 12, a + 2 + 1 = -4*t. Suppose -135 = -g - 4*g + 4*p, t = -2*g + p + 57. What are the prime factors of g?
31
Suppose 17728 = w + 4*q + 5263, 0 = -3*w + 5*q + 37395. What are the prime factors of w?
3, 5, 277
Let i be 1 - (0 + -9 + -39). Let k be ((1 - 2) + -3)*-42. Suppose 3*g = 